be d(40). Calculate the greatest common divisor of 707 and m.
101
Let h = 26 - 12. Suppose 6*u = -u - h. Let q be (6/(-2)*-48)/(u + 3). What is the greatest common factor of q and 36?
36
Let v = -10709 - -13349. Calculate the greatest common divisor of 396 and v.
132
Suppose 5*u = 2*a + 13, 0 = -5*a + 16*u - 19*u + 14. Let n(h) = -2*h + 2 - 13 + 0. Let z be n(-6). What is the greatest common factor of z and a?
1
Let r(s) = -s**3 + 29*s**2 + 90*s - 6. Let o be r(-3). Let v be 278/(3 + -2) + -2. What is the greatest common factor of o and v?
12
Let x(k) = -878*k - 1063. Let u be x(-2). What is the greatest common factor of 105 and u?
21
Suppose 3927 - 25302 = -15*q. Suppose 59*l = 2*l + q. Let k = 347 + -72. Calculate the highest common divisor of l and k.
25
Suppose -2*q = -12*g - 54, 12*g = -3*q + 7*g + 196. What is the greatest common factor of q and 39615?
57
Let w be (-4)/(-10) - 42/(-735)*28. Calculate the greatest common divisor of w and 506.
2
Suppose -6*u = -2*u + 64. Let b be 7 + u/12*3. Suppose -h = -4, -3*s + 4*h + 80 = s. Calculate the greatest common factor of s and b.
3
Suppose -60*l + 348 = -57*l. Let j(g) = 8*g**2 - 3*g + 7. Let s be j(3). Let m = l - s. What is the greatest common divisor of 115 and m?
23
Let v(g) = 246*g + 597. Let s be v(-2). Calculate the greatest common factor of 2751 and s.
21
Suppose n = -13*n + 784. Suppose 15*j - n = 154. Calculate the highest common factor of 21 and j.
7
Let j(f) = -4*f**2 + 30*f**3 - 13*f**3 + 13 - 16*f**3. Let o be j(6). Calculate the highest common divisor of 34 and o.
17
Let z = 36449 + -36209. What is the greatest common factor of z and 828?
12
Let j(z) = 3*z**2 - 12*z + 15. Let v be j(6). What is the greatest common factor of 799 and v?
17
Let j(o) = -o**3 - 6*o**2 + 88*o - 24. Let p be j(-13). What is the highest common divisor of 185 and p?
5
Let u(q) = -5308*q - 6419. Let g be u(-5). Calculate the greatest common factor of 57 and g.
57
Suppose -3*p + 5*g = 20, -4*p + 3*g = 45 - 0. Let t be 13 - 5/p*3. Calculate the highest common factor of 70 and t.
14
Let u = -1950 - -2069. Suppose v + 1 = -1, 2*v - 24 = -4*a. What is the highest common divisor of u and a?
7
Suppose -558*s = -44097 - 50763. Let v = -20 - -50. What is the greatest common factor of s and v?
10
Suppose 367*w = 351*w + 1760. What is the greatest common divisor of 462 and w?
22
Let g be ((-10)/20)/(6 + -2 - (-15123)/(-3780)). Calculate the greatest common factor of g and 1330.
70
Let l(v) = -19*v + 52. Let s be l(0). Suppose 5*y + 35 = 5*u, 7*u = 3*u - 2*y + s. Let q be 10/((-26)/(-22) - 1). What is the greatest common factor of u and q?
11
Let m = -16 + 17. Let s be (m*2)/(24/(-60)). Let x be (1/3 - 94/30)*s. Calculate the highest common factor of 126 and x.
14
Suppose -25 = 3*g - 8*g. Let r be 0*g/10 + (-1 - -1). Suppose -2*y + r*y = -k - 19, 2*k - 25 = -3*y. Calculate the greatest common divisor of 27 and y.
9
Let g be (-2 + 5)/(2/(-3 + 59)). Suppose 0 = -82*w + g*w - 352. Calculate the highest common divisor of 110 and w.
22
Let w(s) = -1808*s - 18030. Let p be w(-10). Suppose -c = -315 - 410. What is the greatest common divisor of c and p?
25
Let f = -1104 - -2084. Calculate the greatest common divisor of f and 147.
49
Suppose -2*i = -258 - 526. Suppose -1083*x = -1076*x - i. What is the greatest common factor of 42 and x?
14
Let f be (-16)/(-12)*(-30)/(-4). Let l(g) = 7*g**3 + 14*g**2 - g. Let b be l(-2). What is the highest common divisor of f and b?
2
Let l be 183/(-244)*(-88)/3. Calculate the highest common divisor of l and 5192.
22
Let l be (-11 + 0 - -1)*3/(-6). Suppose o + l*o - 570 = 0. Calculate the greatest common factor of 5 and o.
5
Let o(p) = -32*p + 5. Let i be o(-15). Suppose 0 = m - 6*m - i. Let s = 109 + m. Calculate the highest common divisor of 60 and s.
12
Let a(u) = u + 10. Let w be a(-8). Suppose -w*c + 4*c = -180. Let i = c + 135. What is the highest common factor of 5 and i?
5
Let w be 174 + (30/(-5) - -2) - 1. Let s = w - 55. Calculate the greatest common divisor of 38 and s.
38
Let f be 12/5 - (-18)/(-45). Let z be 4/16*f*0. Suppose 5*i + a - 98 = 0, -i + z*i + 22 = a. Calculate the greatest common factor of 19 and i.
19
Let n(l) = 4*l**2 - 51*l - 116. Let q be n(31). What is the highest common divisor of 19 and q?
19
Suppose -3916*w - 32 = -3912*w, 2*t + 4*w = 576. What is the highest common factor of 133 and t?
19
Let s be ((-10593)/132 - -6)*8/(-6). What is the greatest common divisor of 209 and s?
11
Let w = -6323 + 6343. What is the greatest common factor of w and 3260?
20
Suppose -5*k = -2 - 18. Let m = 81 - 75. Suppose -3*f = -3*y - m, -4*f + 15 - 1 = -y. What is the highest common divisor of k and y?
2
Let y = 7161 + -7151. What is the greatest common divisor of 45 and y?
5
Let o = -178 - -214. Let r be (6/(-4))/((-18)/o). What is the highest common divisor of 1 and r?
1
Let u be (-6)/(-24) + (-830)/(-40). Let a = -404 - -803. Calculate the highest common factor of a and u.
21
Let g = -2530 - -2547. What is the highest common divisor of 4471 and g?
17
Let o = -503 - -472. Let k = 255 - o. Calculate the greatest common divisor of 44 and k.
22
Suppose 0 = -17*p + 10*p + 42. Let m be (-1 - 368/6) + (-4)/p. Let h be ((-8)/(-6))/((-6)/m). Calculate the greatest common factor of h and 112.
14
Suppose -1941 = -h - c, 54*h - 51*h - 5793 = 3*c. Calculate the greatest common factor of h and 220.
44
Let m(g) = g**3 - 6*g**2 - 108*g + 20. Let f be m(14). Calculate the greatest common factor of 1159 and f.
19
Let l be (4/(-6))/(12/4788). Let p be (l + -4)*3/(-9). What is the greatest common factor of 80 and p?
10
Let v(n) = -n**3 - 17*n**2 + 29*n + 772. Let t be v(-20). What is the greatest common divisor of t and 288?
48
Let h(z) = -9*z**2 - 4*z + 36. Let w be h(6). Let y be (3/(-9))/(4/w). Suppose -3*m = -m - 52. What is the greatest common divisor of m and y?
26
Let c = 5 - 3. Suppose -42 = 30*o - 342. What is the highest common factor of o and c?
2
Let g(p) = p**2 - 14*p + 15. Suppose 5*h = -5*l - 125, l + 0*h + 3*h + 29 = 0. Let f = l + 37. Let q be g(f). What is the highest common factor of 6 and q?
3
Suppose -5*k = -19345 - 3405. Suppose -14*a = -0*a - k. Calculate the greatest common divisor of a and 52.
13
Let i = 316 + -418. Let b be (i/(-119))/(3/98). Suppose -5*p - 5*l + 0*l = -95, 0 = 2*p - 5*l - 3. What is the highest common factor of p and b?
14
Let x(i) = -i**2 + 17*i - 4. Let g be 274/18 + 12/(-54). Let d be x(g). What is the highest common divisor of 13 and d?
13
Let j = 28482 + -27474. Calculate the highest common factor of j and 651.
21
Suppose 5*n - 162 + 22 = 0. Suppose 0 = 2*i - 2356 + 340. Suppose 9*z = -0*z + i. Calculate the greatest common factor of n and z.
28
Let j = -522 + 538. Suppose -5*g - 4*u + 64 = 0, -u + 3*u + 24 = g. Calculate the highest common divisor of j and g.
16
Let i = 5116 - 4192. What is the highest common factor of i and 660?
132
Suppose 0*w - 4 = -2*w. Let t be (-806)/(-10) + w/5. Suppose -224*r - 347 + 894 + 1469 = 0. What is the greatest common factor of t and r?
9
Let x be (-2 - 465/(-9))*(20/5 - -5). What is the greatest common divisor of 149 and x?
149
Suppose 4*n = -5*u + 8, -3*u = -0*u. Let t be (5 - 4)/((-3)/6)*-2. Suppose -n*r + x = -x - 32, -3*r = t*x - 20. Calculate the highest common factor of r and 24.
12
Let t = -3008 + 3043. Calculate the highest common factor of 520 and t.
5
Let s be 92 + 4/(-2) - -1. Suppose -t + 649 = 3*l + 634, t = -2*l + 8. Calculate the highest common divisor of l and s.
7
Let i(o) = -2*o**3 - 3*o**2 + 8*o + 16. Let c = -103 + 99. Let j be i(c). Calculate the greatest common divisor of j and 4.
4
Let x(j) = 81*j - 1795. Let o be x(23). Calculate the greatest common divisor of 88 and o.
4
Let v(w) = 24*w - 64. Let k be v(3). Suppose 0 = -2*r + 88 + 56. Calculate the highest common divisor of k and r.
8
Let q(t) = 7*t + 676. Let b be q(-12). Calculate the highest common factor of 32 and b.
16
Suppose 6*v - 9355 + 2900 = 6253. Calculate the highest common factor of 6 and v.
6
Let p(m) = m**2 + 21*m - 13. Let l = -410 + 388. Let o be p(l). Calculate the greatest common factor of 117 and o.
9
Let o(b) = 26*b + 1103. Let y be o(-42). Calculate the highest common divisor of y and 2893.
11
Suppose 31*s + 4